 - 3 = 3*c. Suppose -c = -d - 3. Let u(o) = -5*o - 3. Calculate u(d).
7
Let n(h) = -2*h**2 - h. Let y be 8/4 - (-1 - 0). Suppose 3*t + 0*t - y = 0. What is n(t)?
-3
Let t(s) be the third derivative of -s**4/4 + 76*s**2 - 2. Let b = -3 - -2. Determine t(b).
6
Let c(g) = g - 4*g - g - 3*g**2 - 1 + 5*g. Determine c(2).
-11
Let o(c) be the third derivative of c**6/120 - c**5/10 + c**4/24 + 5*c**3/6 + 9*c**2. Give o(5).
-15
Let h(n) = n**3 + 4*n**2 + n. Let m = 23 - 27. Calculate h(m).
-4
Suppose 5*q + 0*u + 2*u - 9 = 0, 0 = 3*u + 9. Let h(p) be the second derivative of -p**5/20 + p**4/6 + p**2 - p. Calculate h(q).
-7
Let j(b) = 2*b - 2. Let p be 54/189 + (-60)/14. Give j(p).
-10
Let l(r) = 13*r**2 - 2*r - 3. Let t(w) = -38*w**2 + 6*w + 8. Let p(g) = -11*l(g) - 4*t(g). Determine p(1).
8
Let n(c) = -4*c**2 - c + 2. Let a(g) = 4*g**2 - 2*g - 1. Let w be a(-1). Let z(m) = 5*m**2 + m - 3. Let k(v) = w*z(v) + 6*n(v). Calculate k(0).
-3
Let u(n) = n**2 - 3*n + 4. Let m be (-3)/(6 + -3) - -5. Suppose 0*b - 3*b = 5*x - 70, m*b - 76 = 2*x. Suppose -5*t - 1 = 4*h - 0*h, -5*h = b. Give u(t).
4
Let o be -5*(1 + 42/(-15)). Let w = -15 + o. Let a(q) = q**2 + 6*q + 5. What is a(w)?
5
Let j(r) = -r**2 + 8*r. Suppose 0 = -4*v + 12*v - 56. What is j(v)?
7
Let q(n) = -1 - 4*n + 2 + 2*n**2 - 3 - n**2. Determine q(6).
10
Let a = 7 - 4. Let i(p) = -p + p**2 - 3*p + 2 + 1. What is i(a)?
0
Suppose 2*n - 16 = -4*j, j = 2*j + n - 4. Suppose 2*z + 4 = -j*y + 8, -y = -z + 8. Let w(t) = 2*t + 3*t - z*t + 4. What is w(3)?
1
Suppose -4*l + a + 20 = 0, 3*a = l + 2*l - 6. Let z = -1 + l. Let k(y) = -y**2 + 4 - 3 + 2*y**2 - 5 - 5*y. Give k(z).
-4
Let b(s) = s**3 - 8*s**2 + 7*s + 6. Let c(a) = a**3 + 4*a**2 + 5*a + 13. Let n be c(-3). Give b(n).
6
Let h be -2 - (-5 + 0 - -2). Let u(i) = 7*i**2 - 70 - 2*i**2 + i**2 + 69. Give u(h).
5
Let j = -1 + 5. Let o(h) be the second derivative of 5/6*h**3 - h**2 - 1/12*h**4 + 0 - h. Give o(j).
2
Let l(i) = -i + 3. Let q = 33 + -28. Determine l(q).
-2
Let g(r) = r**3 + 6*r**2 + 7*r + 5. Suppose 0 = -s + 2*n + 3, -5*s + 0*n = 5*n + 45. Determine g(s).
-5
Let f(z) = -10*z**2 - 19*z + 4. Let x(v) = -3*v**2 - 6*v + 1. Let l(q) = 2*f(q) - 7*x(q). Let n(a) be the first derivative of l(a). Calculate n(-4).
-4
Let t(z) = 3*z - 1. Let p = 9 - -3. Let q = 6 - 2. Suppose 0 = -r + d - 5, -r - p = -q*d + 2. What is t(r)?
-7
Let i(q) = q - 3. Suppose -27 = -4*m + 5. Suppose 2 = a - f, -6*a - 4*f = -5*a + m. Calculate i(a).
-3
Let o(g) = -g**2 - 5*g + 1. Let h(b) = 2*b - 13. Let x be h(10). Suppose -1 + x = -q. Calculate o(q).
-5
Let d(x) = -x**3 - 7*x**2 - x - 4. Suppose -2*n - 3*h = 8, -6*h + 6 = -3*h. Give d(n).
3
Let o(r) = r - 3. Let k be o(6). Let a(x) = 3 - 5 - k*x + x**3 + 0 - 4*x**2. What is a(5)?
8
Let q(f) = -f**3 + 8*f**2 - 7*f + 6. Let n = 18 - 11. Give q(n).
6
Suppose 2*v + 8 = -q + 6*q, -v + 1 = 0. Let y(f) = -1 - 2*f**2 - 2*f + 5*f**2 - 2*f**q + 0*f**2. Let o be 0 - -1 - (-5 + 8). Determine y(o).
7
Let h(d) = -4*d**2 + 2*d**2 - d + d**3 + 4 - 3. Determine h(3).
7
Let l(x) be the first derivative of 4 + 1/3*x**3 + 0*x + 1/2*x**2. Give l(2).
6
Let x(g) = -2*g + 0 + 0*g - 2 + 1. Calculate x(2).
-5
Let p(z) = -z**2 - 9*z + 25. Let i be p(-11). Let g(c) = c**2 - 3*c - 3. Determine g(i).
-3
Let b(x) = -102 - 106 + 307 - 7*x - 96 + x**2. Calculate b(8).
11
Let h(z) = z**2 + 4*z + 3. Let m be 3/((-2)/2) + -3. What is h(m)?
15
Let i(h) = 3*h + 2. Let j(o) = 13*o + 9. Let t(m) = 9*i(m) - 2*j(m). Give t(-8).
-8
Let m(v) be the first derivative of -v**2/2 - 2*v + 3. Let i(n) = -n - 1. Let z be i(-3). Determine m(z).
-4
Let v(w) = -w - 3. Let o(q) = q**2 - q + 3. Suppose -3*u + 3*g - 6 = 0, 3*u + u + 4 = 2*g. Let i be o(u). What is v(i)?
-6
Let r be 2/7 - (-8)/(-28). Let p be r/(-2) - (-6)/2. Let d be (-20)/(-6) + p/(-9). Let j(k) = k**3 - 2*k**2 - 2*k - 3. What is j(d)?
0
Let z(m) = 4 + 2*m**2 + 4 - 3*m**2 - 3*m - 3. Calculate z(-4).
1
Let x(c) = -c**3 + 7*c**2 + 8*c - 10. Suppose 2*h = -2*h - n + 35, 3*n = -3*h + 33. Determine x(h).
-10
Let s(m) = 26*m**3 - 9*m**2 - 4*m + 3. Let t(n) = 13*n**3 - 4*n**2 - 2*n + 1. Let o(x) = -2*s(x) + 5*t(x). Calculate o(-1).
-14
Let r(a) = -4*a + 3. Let k be r(2). Suppose -2*q - 4 = -4*q. Let j(h) = -5*h - 2*h**2 + h**q + 3 + 4*h**2 - 4*h**2. Determine j(k).
3
Let c(d) = -7*d + 2. Let k(x) = 12*x - 5. Let w(l) = -7*c(l) - 4*k(l). Calculate w(6).
12
Let i(q) = 3*q**2 - 2*q + 1. Let l be i(1). Let r(u) = -5 + u + 0*u**3 - 3*u**3 - 3*u**l + 2*u**3. Let g = -10 - -6. Give r(g).
7
Let n(i) = 2*i**3 - 2*i**2 - 11*i + 9. Let v(h) = -2 - 6*h - 2 + 7 + 2 - h**2 + h**3. Let q(z) = 4*n(z) - 7*v(z). Determine q(2).
1
Let x(j) = -j**3 + 4*j**2 - j - 1. Let u(p) = -p**2 + 5*p + 3. Suppose -2*y + 25 = 3*y. Let h be u(y). Determine x(h).
5
Let j(u) = -u**3 + 2*u**2 - u. Let z = 14 + -11. Suppose -z*s - s + 8 = 0. Give j(s).
-2
Let p be 2/3 - (-220)/30. Let n(t) = -p*t**2 - 1 + 0 + t**3 - 4*t + 11*t**2 + 5*t. Suppose 2*c + 12 = -2*c. Calculate n(c).
-4
Let i be (8 - 8) + (-6)/2. Let c(m) = m**2 + 4*m - 2. Determine c(i).
-5
Let w(g) = g**3 + 9*g**2 + 8*g + 2. Let z be w(-8). Suppose 4*u + 3*y + 0*y = 3, -2*y = -z. Let j(x) = 2 - 2*x**3 + 0 - x + x**3. Determine j(u).
2
Suppose 0 = 2*c + 2*c + o + 3, -2*o = 6. Let r(v) = -v**3 - v**2 - v - 1. Calculate r(c).
-1
Suppose -2*n - 1 + 7 = 0. Let j(a) = a**2 - 2*a + 3. Give j(n).
6
Let k(z) be the first derivative of -2*z**3/3 + 3*z + 9. Calculate k(-3).
-15
Let o(s) = -2 - 5*s - 2*s**3 - 1 + 3*s**3 + s**2 + s**2. What is o(-3)?
3
Let w be 22/14 - (1 - 30/21). Let p(t) be the first derivative of 0*t**w - t - 1/3*t**3 - 1/4*t**4 + 2. Calculate p(0).
-1
Let g(q) be the second derivative of q**5/20 - q**4/6 + q**3/2 + 5*q**2/2 - 3*q. Let z(b) = -b**3 + 3*b**2 - 5*b - 9. Let x(o) = -5*g(o) - 3*z(o). What is x(2)?
-10
Let g(h) = 2*h**2 - 2*h - 1. Let i be g(-1). Suppose 6 = -i*x + 2*l, 8 = -x - 3*x - 4*l. Let s(v) = v + 1. Determine s(x).
-1
Let o(g) = -3*g - 2. Let x(m) = -m - 1. Let y(l) = -3*o(l) + 5*x(l). Let b(r) = -r**2 - 2*r - 2. Let d be b(-1). Calculate y(d).
-3
Let p be (-1)/3 + (-10)/6. Let b(d) be the first derivative of -d**6/120 + d**2/2 - 1. Let t(v) be the second derivative of b(v). Calculate t(p).
8
Let i(w) be the first derivative of w**2/2 + 4*w + 8. Calculate i(-8).
-4
Let t(w) = -w**3 + w**2 - w + 2. Let h be t(0). Let n(c) = -4 + 5*c + 26*c**h + c**3 - 20*c**2 + 0*c. Give n(-5).
-4
Let s(l) = l**3 + l**2 + l - 1. Let m(n) = -3*n**3 - n**2 - 2*n - 8. Let u(k) = -m(k) - 2*s(k). Determine u(0).
10
Let a(k) be the third derivative of -k**6/120 - 2*k**5/15 - 7*k**4/24 + k**3/3 + 2*k**2. What is a(-7)?
2
Let v(p) = -4*p**2 - 3*p - 2. Let x be v(-2). Let k be ((-1)/(2/x))/2. Let m(l) = -l - 2. Determine m(k).
-5
Let l be (-1)/(-2) + (-26)/4. Let h be 45/25*(-20)/l. Let s(g) = -2*g + 3. Give s(h).
-9
Suppose -4 = 2*a - 2*b - 0, -3*a - 14 = -b. Let i(c) = -c**2 - 6*c. Let g be i(a). Let v be (-3)/(-9)*g + -3. Let k(t) = t. Calculate k(v).
-3
Let k(o) be the third derivative of -o**4/6 + o**3/6 - o**2. Suppose -v + 5*v - 16 = 0. Let j be -4*-2*1/v. Give k(j).
-7
Let j(g) = -g - 2. Let f(d) = -d**3 + 2*d**2 + 2*d + 3. Let r be ((-6)/8)/(2/8). Let k = r + 6. Let s be f(k). Calculate j(s).
-2
Suppose -3 = -2*l - 1. Let o = 2 - l. Let a(r) = 4*r + 2 + o + 1. Determine a(-3).
-8
Suppose u - 2 = -5*y - 8, -y = 4*u - 14. Let l(k) = -k**2 + 2*k - 1. What is l(y)?
-9
Let u(g) = -6 + 213*g**2 + 2 - 214*g**2 - 5*g. Determine u(-3).
2
Suppose -4*v + 1 = d, -d - 3*d = 3*v - 4. Let i(q) = -d + 0*q - q - 2*q**3 + 0*q**3. What is i(-1)?
2
Suppose -23 = -3*u + 19. Suppose -4*d - u = 2*v, -2*d + d - 2*v = 5. Let t(s) = -1. Let z(q) = -q - 3. Let l(i) = d*t(i) + z(i). Determine l(5).
-5
Let j(g) = -g**2 + 14. Suppose -4*c + 3*v = 12, -c - 2*v - 6 = -14. Calculate j(c).
14
Let z(s) = -s + 1. Let m = -15 - -9. Let j(q) = -q**3 - 5*q**2 + 5*q - 6. Let n be j(m). What is z(n)?
1
Suppose s = -s - 3*n + 11, 2*s + 2*n - 8 = 0. Let d(h) = -h**3 + h**2 - h + 1. What is d(s)?
0
Let t(c) = c + 5. Suppose -5*w = 2 - 12. Suppose 5*n + w = -x, 0*n - 6 = -4*n + 3*x. Suppose n*d = 2*d + 8. Determine t(d).
1
Let v(o) = 2*o + o**2 + o**2 + 0*o**2. Let c = 1 - -1. Calculate v(c).
12
Let y = 4 + -6. Let p be -2 - (y - 2/2